 the third derivative of n**6/120 + n**5/20 - n**4/4 - n**3/2 - n**2. Calculate d(q).
5
Let a(c) be the first derivative of -c**7/420 - c**6/120 - c**5/30 - c**4/8 + 14*c**3/3 + 13. Let y(q) be the third derivative of a(q). Determine y(-2).
9
Let t(i) = 0*i**3 - i + 317*i**2 - i**3 - 323*i**2 - 4. Suppose -4*b + 7 = -1. Suppose -18 = 5*k + 3*a, -5*k + b*a = a + 34. Determine t(k).
2
Let f(x) = -2*x + 8. Let t be f(5). Let p be (-9)/(-18) - (-7)/t. Let m(a) = -a**3 - 4*a**2 - 3*a + 2. Calculate m(p).
2
Let i(j) be the first derivative of j**4/12 - j**3 + j**2/2 - 2. Let g(u) be the second derivative of i(u). Suppose 0 = -3*d + 22 - 7. What is g(d)?
4
Let i(m) = -3*m**2 + 4*m - 5. Let v(b) = b**2 + b + 2. Let k(p) = i(p) + 2*v(p). What is k(6)?
-1
Let j be 187/55 - 6/(-10). Suppose 2*s - 4*d = -2*d, 3*s - j = 4*d. Let u be (s/3)/((-20)/(-30)). Let m(z) = 6*z + 1. Determine m(u).
-11
Let z(c) be the first derivative of -c**5/12 + c**3/6 - 29*c**2/2 + 17. Let u(i) be the second derivative of z(i). Give u(1).
-4
Let f(n) = 4*n - 3. Let t = -6 - 4. Let c = t + 12. Give f(c).
5
Suppose -2*i + 6 = -0*i. Suppose 2*x = -i*x + 10. Let m(g) = -2 + g + x + 9. Calculate m(0).
9
Let w(k) = 10*k**2 + 0*k**2 - 5*k**2 - 3*k**2. Suppose 2 = -p + 3*m, -2 - 2 = 2*p + 5*m. Give w(p).
8
Suppose 5*m - 23 = -4*p, -23*p + 24 = -19*p + 4*m. Let l(f) = -2*f - 6. Give l(p).
-20
Let i(j) be the second derivative of j**5/120 - 5*j**3/3 + 13*j. Let l(x) be the second derivative of i(x). Let u be 12/(-10)*(-1 - -6). What is l(u)?
-6
Let f(z) = -41*z + 9. Let q be f(0). Let v(o) = o - 3. Determine v(q).
6
Let g(z) = 11*z + 3763 - 1874 - 1879 - 3*z. What is g(-10)?
-70
Let b(f) = -6*f + f + 0*f**2 - f**2 - 7 + f. Let v(g) = -g**2 - 2*g - 2. Let k be v(-3). What is b(k)?
-12
Let i(j) = j**2 - j + 33. Suppose -10 - 10 = t - 5*s, -5*t + 16 = 4*s. Give i(t).
33
Let s(b) be the third derivative of -b**4/6 + b**3/2 + 6*b**2 - 5*b. What is s(3)?
-9
Let a(m) = -m + 1. Let p(k) = -4*k - 3. Let z(i) = -3*a(i) + p(i). Suppose 0 = -2*c - 6, 11 = 5*s + 2*c + 52. What is z(s)?
1
Suppose 0 = 5*f + 3*a - 46, -a + 2 = -f + 8. Let g(j) = 2*j - 18. Calculate g(f).
-2
Let w(n) = -19*n**3 - 2*n**2 - 5. Suppose 4 - 16 = 4*r. Let t(d) = -47*d**3 + 2 + d**2 + 92*d**3 - 36*d**3. Let p(s) = r*w(s) - 7*t(s). Determine p(1).
-6
Let x(r) = -r**2 + 4*r + 4. Suppose 8 = 2*p - 5*c + 6, -4*p = -2*c + 12. Calculate x(p).
-28
Let q(g) = -4*g**2 + 1. Let u(h) = 2*h**2 + 24*h + 23. Let r be u(-11). Give q(r).
-3
Let y = 4 + 0. Let n(u) = 4*u**2 + 2 - 5*u**2 - y*u + u. Let t = -3314 + 3311. Determine n(t).
2
Let h(g) be the third derivative of -g**5/60 + g**3/3 + 2*g**2. Let o = -159 - -159. Give h(o).
2
Let r(k) be the third derivative of 0 + 14*k**2 - 1/6*k**4 + 0*k + 1/6*k**3. Give r(2).
-7
Let v(c) be the second derivative of -c**6/120 + c**5/60 + c**4/24 + 7*c**3/6 - c. Let g(r) be the second derivative of v(r). What is g(-1)?
-4
Let o(m) = m**3 + 45*m**2 + 43*m - 53. Let w be o(-44). Let r(z) = -z**3 - 8*z**2 + 9*z + 2. Give r(w).
2
Let t(u) = 5*u. Let m be t(-2). Let d = 42 - 52. Let g = m - d. Let l(s) = -s**2 - s + 10. Give l(g).
10
Let p(z) = -z**3 + 11*z**2 - 19*z + 11. Let a be p(9). Let n be a/(-4)*-2*(5 - 6). Let y(f) = -5*f**2 - 2*f - 1. Calculate y(n).
-4
Let y(g) be the first derivative of -7*g - 4*g**2 + 1 + 1/3*g**3. Let b = -5975 - -5982. Calculate y(b).
-14
Let a(f) be the first derivative of -f**2/2 - 11*f - 35. Determine a(-6).
-5
Let t(f) = 45*f**3 - 14 + 1 + 3*f**2 - 40*f**3. Let q(c) = 6*c**3 + 4*c**2 - 13. Let j(y) = -4*q(y) + 5*t(y). What is j(0)?
-13
Let g(r) = 7*r + 3. Suppose -5*x = -154 - 21. Suppose -45 = -5*j - 0*j - 4*k, 3*j + 4*k - x = 0. Suppose -j*c + 3*z = -2*z + 5, 4*c - 3*z = -5. Give g(c).
-11
Suppose -135 + 30 = 21*x. Let o(v) = v**3 + 3*v**2 - 10*v + 2. What is o(x)?
2
Suppose 0 = -9*h + 4*h - 5. Let w(i) be the second derivative of 17*i**3/6 + i**2/2 - 128*i. Give w(h).
-16
Let n(y) = -1 + 369*y + 6*y**2 - 369*y - 4*y**2. Calculate n(2).
7
Let u(t) = -t**3 + t**2 + 3*t - 1. Let s = 55 + -53. Determine u(s).
1
Suppose -10*c = -8*c - 4. Let w(y) = 1 + y**3 + 4*y - 3*y**2 + c*y**2 + 4*y**2. What is w(-3)?
-11
Let t(h) = -10*h - 13*h - 1 - 10*h + 34*h. Calculate t(-5).
-6
Let o(k) = -3*k + 13. Let s be o(-4). Suppose -5*h = 2*z + 25, -3*z - s = 2*z + 5*h. Let g(x) = x**2 + x - 16. Calculate g(z).
-16
Let q(u) = -9*u - 10. Let y(g) = 26*g + 34. Let i(o) = 7*q(o) + 2*y(o). Determine i(1).
-13
Let v(l) = 1 - 6 + 1 + 2*l. Suppose -12*y = -10*y - 10. Let x be (y - -7)/(-2 - -4). What is v(x)?
8
Let o(p) = p**2 - 16*p + 22. Let c = 589 - 574. What is o(c)?
7
Let d(s) be the first derivative of -s**6/60 - s**5/60 + s**4/12 - s**3/6 + 9*s**2/2 - 10. Let c(l) be the second derivative of d(l). Let b = 5 + -7. Give c(b).
7
Let m(d) = 16*d - 31. Let q(p) = p - 15. Let h(t) = -2*t + 15. Let x(s) = -6*h(s) - 5*q(s). Let u(i) = -4*m(i) + 9*x(i). What is u(-9)?
-2
Let r(n) = n**3 + 9*n**2 + 2*n + 5. Let l(w) = w**2 - 3*w + 1. Let i(f) = l(f) + r(f). What is i(-10)?
16
Let y(b) be the third derivative of b**5/30 + b**4/4 + b**3/2 - 236*b**2. Give y(-4).
11
Let c(j) = j**2 - 37 - 4*j - 32 + 66 + j**3. What is c(-2)?
1
Suppose -144 = 3*h - 6*h. Let k = h + -28. Let c(b) = 339*b + 5*b**2 - 339*b - k*b**2. Give c(-1).
-15
Suppose a = 5*n - 23, -4*n - a - 5 = -18. Suppose 4*j + 2*r - 50 = 0, -n - 5 = -3*r. Let t(i) = -i**2 + 10*i + 16. What is t(j)?
5
Let m(z) be the second derivative of -z**3/3 - 5*z**2 - z - 6. What is m(-5)?
0
Suppose -14 = -6*z + 10. Suppose -c - z*f - 8 = -2*c, 3*c - 15 = 3*f. Let a(u) = -c*u**2 + 5*u + u**3 + u - 1 - 4*u. Give a(3).
-4
Let z(r) be the third derivative of r**6/120 - r**5/20 - 5*r**4/24 - 5*r**3/6 - r**2. Let u = -5136 - -5141. What is z(u)?
20
Suppose -v - 16 = -11, 4*n + 4*v + 28 = 0. Let d(l) = -16*l - 1. Give d(n).
31
Let s(t) = 4*t**2 - 4*t + 19. Let z(d) = d**2 - d + 6. Let r(y) = 2*s(y) - 7*z(y). Give r(0).
-4
Let i = 404 + -394. Let j(r) = r - 7. What is j(i)?
3
Let s(n) be the second derivative of n**5/20 - 5*n**4/4 + 14*n**3/3 - 31*n**2/2 + 2*n - 1. Give s(13).
-5
Suppose -16 = -4*p, -5*h + 8*p = 3*p. Let t(z) = -z - 3*z - h*z + 4*z. Calculate t(1).
-4
Let b(x) = -3*x**2 - 9*x + 4. Suppose 0 = -4*a + 2*d - 14, 3*a + 2*d = 5*d - 9. Determine b(a).
-8
Let j(w) = w**3 + 6*w**2 + 6*w + 1. Let n(a) = 4*a**3 + 2*a - 1. Let t be n(1). Suppose -2 + 12 = 5*b. Suppose b*o + t = -5. Calculate j(o).
-4
Let k(t) = -4*t**2 - 3*t + 1. Let g(i) = i**2 - i - 1. Let b(j) = 3*g(j) + k(j). Let q = -11 + 6. Give b(q).
3
Suppose 9 - 18 = 9*i. Let p(h) = h**2 - 2*h - 1. Calculate p(i).
2
Let a(p) = -p**3 + 3*p**2 + 7*p - 5. Suppose -2*s - 5*r - 8 = s, -s - 2*r = 4. What is a(s)?
7
Let u(l) = 492*l**2 + 487*l**2 - 1454*l**2 + 486*l**2. Let s(q) = -q + 3. Let x be s(4). What is u(x)?
11
Suppose 4*q + q + l - 34 = 0, 9 = q - 2*l. Let p(w) = 9 + 2 + q + w - 21. Suppose 5*a + 0*a = r + 33, 2*a - 3*r = 8. What is p(a)?
4
Let k(t) be the third derivative of t**8/6720 + t**7/360 - t**6/80 - t**5/40 + 7*t**4/8 - 37*t**2. Let j(p) be the second derivative of k(p). What is j(-8)?
5
Let l(j) = -j**3 - 12*j**2 + j + 9. Let q be l(-12). Let a be 6/(-2) - -1*(q - -11). Let t(n) = 0 + 2 - 3 - n. Calculate t(a).
-6
Let t(b) = b**3 - 8*b**2 - 8*b - 22. Suppose 144 = 9*j + 7*j. What is t(j)?
-13
Let k = -46 - -51. Let u(c) = 11*c**3 + k - 10*c**3 - 2*c**2 + 8*c**2 + 2*c + 2. Calculate u(-6).
-5
Let x(y) = 2*y + 4. Let g be x(5). Suppose 5*z - 28 = -4*b, -z - 4*b = b - g. Suppose -q + 3*m + 17 = 0, z*m = -q + 3*q - 24. Let d(h) = -h**2. What is d(q)?
-4
Let i(j) = -4*j + 0*j + 5*j - 15. Let c be i(8). Let m(q) = -q**2 - 9*q - 5. What is m(c)?
9
Suppose 0 = -17*i + 14*i. Let o = 2 - i. Let u be ((-9)/(-18))/(o/(-12)). Let v(m) = -m**2 - 3*m - 1. Determine v(u).
-1
Let v(c) = 6 + 12 - 5*c**2 + 8*c - 6*c - 19. Let i = -6 + 7. Determine v(i).
-4
Let b(p) = p**3 - 2*p - 1. Let k = -1 - -1. Suppose k = -2*l - 1 - 1. Let c be b(l). Let j(h) = -h**3 + h**2 + h + 6. What is j(c)?
6
Let n be 8 - (7 + -3 + 0). Let v(y) = 3*y + 3. Determine v(n).
15
Let a(w) = -5*w - w**2 + 33 - 2*w - 32 + 2*w. What is a(-6)?
-5
Let p = 20 - -3. Let k(o) = p*o - 8*o - 7*o - 9*o - 6. What is k(-3)?
-3
Let b(m) = 2*m